me factors of 1802993?
23, 277, 283
List the prime factors of 520614.
2, 3, 31, 311
What are the prime factors of 912647?
912647
List the prime factors of 311924.
2, 29, 2689
List the prime factors of 1100166.
2, 3, 183361
List the prime factors of 593730.
2, 3, 5, 733
List the prime factors of 582781.
582781
List the prime factors of 205881.
3, 13, 5279
List the prime factors of 964825.
5, 38593
What are the prime factors of 7664536?
2, 11, 251, 347
List the prime factors of 3477138.
2, 3, 7, 11827
List the prime factors of 3032815.
5, 197, 3079
List the prime factors of 1767053.
1767053
What are the prime factors of 252496?
2, 43, 367
What are the prime factors of 372018?
2, 3, 62003
What are the prime factors of 514162?
2, 11, 23371
List the prime factors of 8305561.
11, 83, 827
What are the prime factors of 315179?
315179
What are the prime factors of 31842?
2, 3, 29, 61
What are the prime factors of 95160?
2, 3, 5, 13, 61
List the prime factors of 6928016.
2, 41, 59, 179
What are the prime factors of 13599123?
3, 4533041
What are the prime factors of 3588?
2, 3, 13, 23
List the prime factors of 7324950.
2, 3, 5, 47, 1039
List the prime factors of 1062212.
2, 29, 9157
What are the prime factors of 3966486?
2, 3, 71, 9311
List the prime factors of 197148.
2, 3, 7, 2347
What are the prime factors of 787623?
3, 262541
List the prime factors of 1013930.
2, 5, 41, 2473
List the prime factors of 646208.
2, 23, 439
What are the prime factors of 548958?
2, 3, 91493
What are the prime factors of 4903998?
2, 3, 11, 67, 1109
List the prime factors of 10460386.
2, 5230193
List the prime factors of 9260717.
89, 104053
List the prime factors of 11227127.
11227127
List the prime factors of 1882360.
2, 5, 47059
What are the prime factors of 521728?
2, 1019
What are the prime factors of 682269?
3, 7, 53, 613
List the prime factors of 1629490.
2, 5, 47, 3467
List the prime factors of 2183554.
2, 1091777
What are the prime factors of 2926128?
2, 3, 60961
List the prime factors of 724244.
2, 181061
List the prime factors of 8336307.
3, 7, 17, 19, 1229
What are the prime factors of 132378?
2, 3, 22063
List the prime factors of 30117.
3, 10039
List the prime factors of 7318068.
2, 3, 97, 6287
What are the prime factors of 848651?
848651
What are the prime factors of 3785550?
2, 3, 5, 25237
What are the prime factors of 6238498?
2, 7, 19, 47, 499
List the prime factors of 15436222.
2, 7718111
List the prime factors of 934539.
3, 151, 2063
List the prime factors of 8788747.
11, 239, 3343
What are the prime factors of 608690?
2, 5, 60869
List the prime factors of 37581.
3, 12527
What are the prime factors of 1202356?
2, 300589
List the prime factors of 3420643.
59, 57977
What are the prime factors of 237332?
2, 59333
List the prime factors of 977475.
3, 5, 13033
What are the prime factors of 369903?
3, 17, 7253
List the prime factors of 464379.
3, 19, 8147
List the prime factors of 1321160.
2, 5, 33029
What are the prime factors of 2203227?
3, 13, 6277
List the prime factors of 8883182.
2, 7, 11, 37, 1559
What are the prime factors of 12164308?
2, 13, 449, 521
List the prime factors of 15628519.
3463, 4513
List the prime factors of 1017075.
3, 5, 71, 191
What are the prime factors of 13791443?
29, 109, 4363
What are the prime factors of 3753207?
3, 417023
List the prime factors of 134917.
134917
What are the prime factors of 1503191?
17, 88423
List the prime factors of 421976.
2, 52747
What are the prime factors of 15398113?
19, 810427
What are the prime factors of 3325190?
2, 5, 11, 19, 37, 43
List the prime factors of 1401648.
2, 3, 29201
List the prime factors of 13400.
2, 5, 67
What are the prime factors of 316648?
2, 39581
What are the prime factors of 14278719?
3, 7, 13, 193, 271
List the prime factors of 6651085.
5, 7, 190031
List the prime factors of 13217863.
19, 695677
What are the prime factors of 2455121?
41, 233, 257
What are the prime factors of 37094245?
5, 7418849
What are the prime factors of 5982371?
5982371
What are the prime factors of 18533606?
2, 7, 13, 101833
List the prime factors of 11122627.
11122627
What are the prime factors of 2780955?
3, 5, 29, 2131
List the prime factors of 3366962.
2, 71, 131, 181
List the prime factors of 6248682.
2, 3, 11, 19, 151
What are the prime factors of 280483?
7, 17, 2357
What are the prime factors of 121310?
2, 5, 7, 1733
What are the prime factors of 490963?
11, 44633
List the prime factors of 766240.
2, 5, 4789
What are the prime factors of 779525?
5, 31181
List the prime factors of 3533383.
7, 653, 773
What are the prime factors of 27342657?
3, 1012691
What are the prime factors of 55210?
2, 5, 5521
What are the prime factors of 35575917?
3, 13, 17, 23, 2333
List the prime factors of 24936700.
2, 5, 249367
List the prime factors of 4045375.
5, 32363
What are the prime factors of 9407399?
79, 193, 617
What are the prime factors of 27340?
2, 5, 1367
What are the prime factors of 292345?
5, 59, 991
List the prime factors of 8468803.
7, 73, 16573
What are the prime factors of 773415?
3, 5, 17, 337
What are the prime factors of 233778?
2, 3, 47, 829
What are the prime factors of 1065287?
887, 1201
List the prime factors of 38683337.
7, 11, 109, 419
What are the prime factors of 2546720?
2, 5, 11, 1447
List the prime factors of 1356013.
37, 67, 547
List the prime factors of 118042.
2, 59021
What are the prime factors of 1364317?
193, 7069
List the prime factors of 33225517.
13, 2555809
List the prime factors of 3228589.
7, 13, 17, 2087
What are the prime factors of 2649949?
19, 211, 661
What are the prime factors of 877968?
2, 3, 7, 13, 67
List the prime factors of 3254354.
2, 1627177
List the prime factors of 248757.
3, 283, 293
What are the prime factors of 22062065?
5, 4412413
List the prime factors of 3048715.
5, 609743
What are the prime factors of 15648377?
983, 15919
List the prime factors of 10483413.
3, 29, 41, 2939
List the prime factors of 307808.
2, 9619
List the prime factors of 341204.
2, 197, 433
What are the prime factors of 97609?
97609
List the prime factors of 5075.
5, 7, 29
What are the prime factors of 302237?
13, 67, 347
What are the prime factors of 27852155?
5, 5570431
List the prime factors of 16357494.
2, 3, 2726249
What are the prime factors of 339009?
3, 11, 10273
List the prime factors of 486475.
5, 11, 29, 61
What are the prime factors of 124305?
3, 5, 8287
What are the prime factors of 4145776?
2, 37, 47, 149
What are the prime factors of 23718293?
163, 145511
What are the prime factors of 206023?
17, 12119
List the prime factors of 647462.
2, 17, 137, 139
List the prime factors of 594969.
3, 198323
What are the prime factors of 2507333?
1481, 1693
List the prime factors of 3767155.
5, 7, 37, 2909
What are the prime factors of 35269852?
2, 19, 389, 1193
What are the prime factors of 1378446?
2, 3, 31, 7411
List the prime factors of 447203.
19, 23537
What are the prime factors of 3719836?
2, 23, 40433
What are the prime factors of 591590?
2, 5, 59159
List the prime factors of 16811.
16811
List the prime factors of 416238.
2, 3, 173, 401
What are the prime factors of 144643?
109, 1327
List the prime factors of 714929.
547, 1307
List the prime factors of 3294118.
2, 1647059
List the prime factors of 1597548.
2, 3, 67, 1987
What are the prime factors of 29519904?
2, 3, 331, 929
What are the prime factors of 1473815?
5, 7, 17, 2477
What are the prime factors of 13801092?
2, 3, 41, 28051
What are the prime factors of 3938836?
2, 11, 89519
List the prime factors of 2766546.
2, 3, 17, 9041
List the prime factors of 25806966.
2, 3, 23, 43, 4349
What are the prime factors of 19673720?
2, 5, 11, 61, 733
List the prime factors of 444348.
2, 3, 12343
What are the prime factors of 5770054?
2, 281, 10267
What are the prime factors of 624015?
3, 5, 7, 283
List the prime factors of 260061.
3, 23, 3769
What are the prime factors of 11293841?
13, 457, 1901
What are the prime factors of 8724702?
2, 3, 7, 31, 6701
What are the prime factors of 2819200?
2, 5, 881
What are the prime factors of 2373349?
11, 359, 601
List the prime factors of 211356.
2, 3, 19, 103
List the prime factors of 584843.
7, 29, 43, 67
List the prime factors of 16394138.
2, 8197069
What are the prime factors of 2591052?
2